) = -p**2 + 21*p + 11. What is the remainder when v(b) is divided by 42?
37
Suppose -a - 57 - 43 = -5*m, 4*a = 4*m - 64. Suppose -3*k = 2*j - 155, k = 21*j - 18*j - 249. Calculate the remainder when j is divided by m.
19
Let o(p) = 2*p**3 - 83*p**2 + 129*p - 62. What is the remainder when 330 is divided by o(40)?
32
Suppose -3*a = 24*a + 9639. What is the remainder when 2*(a/(-7))/3 is divided by 30?
4
Suppose 5*o + n + 238 = 0, 106 = -3*o + o + 5*n. Let a = 306 - o. Let m = -210 + a. What is the remainder when m is divided by 37?
33
Suppose -44152 = -72*o - 11536. Calculate the remainder when o is divided by 112.
5
Let o be (2/3)/((-84)/(-378)). Suppose 1 = o*n - 38. Calculate the remainder when (39 - (-1)/(-1)) + 0 is divided by n.
12
Let x be 12/(12/(-3)) + (-6)/(-2). Suppose x*l - 5*l + 785 = 0. Suppose -6*k - 2*d + l = -k, 3*d - 21 = -k. What is the remainder when k is divided by 9?
6
Let y(f) = 5*f - 7. Suppose 2*o - 55*c = -58*c + 155, 4*c = -o + 85. What is the remainder when o is divided by y(7)?
17
Let y = -13194 + 13197. Calculate the remainder when 1449 is divided by y.
0
Let h = -363 - -423. Suppose 5*t - 2*b + b = h, 2*t + b - 24 = 0. What is the remainder when 104 is divided by t?
8
Let l be (-2)/(-8) - ((-5940)/(-16))/(-11). Suppose 0 = 154*a - 156*a + l. Let q(x) = -x**3 - x - 1. Calculate the remainder when q(-4) is divided by a.
16
Let m be 4/(-14) + 393/(-21). Let q = m - -28. Let u(f) = 4*f - 13. What is the remainder when 68 is divided by u(q)?
22
Suppose 2*f - 2 = 4. Suppose 0*a - f*a - 4*k = -62, 26 = a + 4*k. Calculate the remainder when 175 is divided by a.
13
Suppose -74888 = -62*d + 37704. What is the remainder when d is divided by 227?
0
Let c be (-21)/(-14)*(-82)/(-3). Suppose 6*k - 109 = c. Calculate the remainder when k is divided by 9.
7
Let b(i) = -41*i**3 + 2*i**2 + i. Let f = -88 - -88. Suppose -5*y - 36 = -u, f = 2*y - 0*y + 10. Calculate the remainder when b(-1) is divided by u.
9
Calculate the remainder when 885 is divided by 29/(2/((-6)/(-3))).
15
Suppose -3*m + 4*o = 7 + 87, 0 = -3*m - 3*o - 129. Let d be 29*(-2 - -1)/1. Let h = d - m. Calculate the remainder when 35 is divided by h.
8
Let g = 180 + -154. Let b(d) = -d**3 - 6*d**2 + 7*d - 2. Let c be b(-7). Let f = c + 16. What is the remainder when g is divided by f?
12
Suppose 14 = 3*b + 12*a - 10*a, 0 = -4*b - 4*a + 20. Let f(z) = 2*z + 3. What is the remainder when f(4) is divided by b?
3
Let o(b) = b**2 - 22*b + 29. Let k(q) be the third derivative of q**5/60 + 11*q**4/24 + q**3 - 2*q**2. Calculate the remainder when o(22) is divided by k(-11).
5
Let i be 1*(-32 - (-3 + 6))/(-1). Let v = 23 - i. Let m = 3 - v. Calculate the remainder when 44 is divided by m.
14
Let i = 22632 - 22589. What is the remainder when 27260 is divided by i?
41
Let n(i) = i - i + 7 - i. Suppose -l - 12 = 0, z + 0*z - 248*l = -249*l - 5. What is the remainder when z is divided by n(5)?
1
Calculate the remainder when 1513 is divided by (16/(-32))/((-3)/606).
99
Suppose -4*k + p + 7418 = 0, 7*k + 9262 = 12*k + 4*p. Suppose 5*v - 5*h = 3080, -3*v + 7*h - 2*h = -k. Calculate the remainder when v is divided by 22.
19
Let r = -10628 + 10657. Calculate the remainder when 4754 is divided by r.
27
Let w = -3479 - -3506. What is the remainder when 268 is divided by w?
25
Suppose 5*f + 5*w - 190 = 0, -3*f + 21*w - 17*w + 100 = 0. Calculate the remainder when 51 is divided by f.
15
Let d be 0*(12/(-2))/(-6). Suppose d*l + 6*l - 90 = 0. Calculate the remainder when -118*(2 + (-5)/2) is divided by l.
14
Let k = 165 - 93. Let y = -1268 + 1627. Calculate the remainder when y is divided by k.
71
Let z(b) = b**3 + 18*b**2 + 13*b - 47. Let q be 14/(-49) + (-702)/42. What is the remainder when 459 is divided by z(q)?
18
Suppose -f + 87 = -13. What is the remainder when f is divided by (10192/(-260))/(-14)*10/7?
0
Let b = -14288 + 14527. What is the remainder when b is divided by 71?
26
Suppose -6*o + 1042 = -1016. Suppose -r = -5*g + o + 792, 4*r = 2*g - 436. What is the remainder when g is divided by 79?
70
Suppose -2510 = -213*p - 593. Suppose -r - 4*r + g = -238, 0 = -5*r - 4*g + 248. Suppose o = 41 + r. What is the remainder when o is divided by p?
8
Let a = 47 + 60. Let n = -40 + a. Calculate the remainder when n is divided by (1 + -4)/((-24)/232).
9
Let l = -368 + 645. Let p = -225 + l. Calculate the remainder when 216 is divided by p.
8
Let i be (-48)/20*(-380)/(-6). Let g = -9 - i. What is the remainder when g is divided by 9?
8
Let b(v) = v**3 + 7*v**2 + 4*v - 11. Let d be b(-5). Let p = 53 - d. What is the remainder when p is divided by 6?
4
Let v(s) = 2726*s - 904. Calculate the remainder when v(1) is divided by 24.
22
Let z be 1 + 16 - (0 + -4)/2. Let x(s) = 12*s - 34. Let a be x(z). Suppose 2*y = -d + 5*y + 61, 3*d - a = -2*y. Calculate the remainder when d is divided by 17.
13
Suppose -3*i - 2*q + 30 = 0, -i - 2*q + 10 = -4*q. Suppose -i*o = -14*o - 44. Let n(f) = -2*f + 30. Calculate the remainder when n(o) is divided by 19.
14
Suppose -70*v = -33*v - 3293. What is the remainder when 613 is divided by v?
79
Suppose -18*m + 15 = -17*m. Suppose 393 = 4*a + 21. Let n = a + -86. Calculate the remainder when m is divided by n.
1
Let o = -8586 + 8606. What is the remainder when 145 is divided by o?
5
Suppose 2*w - 4*s + 720 = 4*w, w = 5*s + 360. Suppose w = -4*k + 8*k. Calculate the remainder when k is divided by 7.
6
Let z(s) = 2*s**2 + 32*s + 11. Let k be z(6). What is the remainder when (38/6)/(k/90 + -3) is divided by 2?
0
Suppose -3*x + 5*l + 32 = 0, 0 = -5*x + 2*l + 35 + 12. Calculate the remainder when 2210 is divided by x.
5
Suppose x = 61 + 27. Suppose 0 = -5*f + 7*f + 2*s - 2, -4*s = f - 1. What is the remainder when x is divided by f - -3 - (-39 - -13)?
28
Let i = -1794 + 1988. What is the remainder when i is divided by 23?
10
Let o = 39260 - 32136. What is the remainder when o is divided by 57?
56
Let o = 224 - -48. Calculate the remainder when 95 is divided by (5/(-2))/((-34)/o).
15
Let t(h) = h**2 - 17*h + 54. Let c be t(15). Let f = c + 16. What is the remainder when 62 is divided by f?
22
Let v(g) = g**3 - 8*g**2 - 4*g + 4. Let q be v(7). Let b = q + 76. Suppose b*y = -2*y + 30. What is the remainder when y is divided by 3?
0
Let s be 2 - 7*-1*14. Suppose -5*p - s = -6*p. Suppose -7 = 2*q + c - p, -q + 2*c = -59. What is the remainder when q is divided by 13?
10
Suppose 4*v - 4*s - 520 = 128, 12 = -3*s. Calculate the remainder when 776 is divided by v.
144
Suppose 2*b + 308 = 352. Let a(i) = -i**3 + i**2 + i + 94. Let u be a(0). Let w = 134 - u. What is the remainder when w is divided by b?
18
Suppose -3*g + 4*r + 2014 = 0, -923 = -4*g - 2*r + 1821. What is the remainder when g is divided by 45?
7
Suppose -3*a = -2*a - 11. Let f(c) = 7*c - 59. Let v(i) = -8*i + 61. Let w(q) = -6*f(q) - 5*v(q). Calculate the remainder when w(-24) is divided by a.
9
Suppose 125*k = 381 + 119. Calculate the remainder when 581 is divided by k.
1
Let m = -17 - -27. Let h(c) = -c**3 + 6*c**2 + 13*c. Let y be h(7). Suppose 3*g - 114 = -y. What is the remainder when g is divided by m?
4
Let d = -384 - -384. Calculate the remainder when 211 is divided by (387/(-6) + d)*(-8)/12.
39
Suppose -3*g - 446 + 1933 = -f, g - 4*f = 492. Calculate the remainder when 1009 is divided by g.
17
Suppose u + 208 = -2*m + 619, 0 = -3*u - 4*m + 1219. What is the remainder when u is divided by 85?
57
Let q = -248 + 248. Let v(c) = 8*c + 26. What is the remainder when 77 is divided by v(q)?
25
Calculate the remainder when 102 - (10 + -6) - (0 + -1 - 3) is divided by 12.
6
Let l(a) = 72*a + 155. Let c be l(-2). Suppose 4*i = 3*g + 5890, 0 = -2*i - c*g + 14*g + 2948. Calculate the remainder when i is divided by 64.
63
Suppose 15*p - 7*p - 4675 = -17*p. What is the remainder when 1302 is divided by p?
180
Let p(k) = 304*k + 4605. Calculate the remainder when (-2)/3 - (-538)/6 is divided by p(-15).
44
Calculate the remainder when 2836 is divided by 1034/(-47)*(2 + -10).
20
Let y(z) = 56*z + 357. What is the remainder when 90 is divided by y(-6)?
6
Let b be ((-39700)/(-700))/((-1)/(-7)). Let f = 404 - b. Calculate the remainder when 46 + -1*1*-1 is divided by f.
5
Let t = 2607 - 2404. What is the remainder when t is